 is ((-30 - -35) + -26 - -12) + 37?
28
-45 + 25 + 60 + -43
-3
What is the value of 281 - 238 - (5 - 0 - -6)?
32
Evaluate (25 + -42 - 40) + 10 + -24.
-71
Calculate (3 - 9 - 4) + (27 - (6 + 50 + -22)).
-17
-86 + (231 - 65) + 26
106
Calculate 158 + -177 - ((2 - -16) + -4).
-33
Evaluate -21 - (9 - (-51 + 58)).
-23
What is the value of -32 - (-125 + (40 - 5)) - (9 + (1 - 2))?
50
Evaluate -43 - -23 - -6 - (66 - 2) - 16.
-94
What is (-8 - (-3 + -1)) + (31 + -31 - (8 + 2))?
-14
What is -20 - (12 + -78 + 15)?
31
(20 - 5 - 4) + 6 - (197 - 191)
11
9 + -12 + -7 + -16
-26
Calculate 23 + -16 + (-4 - 15) - -19.
7
What is 11 + -1 + -37 - (-19 + 2)?
-10
-58 + 57 + 88 + -55
32
1 + -2 + (-8 - (106 - 45))
-70
What is 28 - 30 - (21 - 11) - 92?
-104
What is the value of 23 - (12 + -36 + 67)?
-20
What is the value of 36 - (-13 - ((1 - -7) + -7)) - 8?
42
Calculate 4 - (0 + -13 + 0 + 42 + -4).
-21
Calculate (40 - 58) + 9 - -13.
4
Calculate 581 + -570 + -23 + -1 - (1 + 22).
-36
Calculate (-3 - -3) + 15 - (7 - (35 - 27)).
16
11 + 5 + -6 + -4 + 17 + -19 + 38
42
(-28 - -3) + 15 + 2 + 76 + -94
-26
(99 - 122) + (-13 - -4) + -10
-42
What is the value of (26 + 22 - 15) + -144?
-111
What is 69 - (-105 + 31 + 78)?
65
Calculate (2 - 3 - (-2 - 40)) + -78 + 184 + -110.
37
What is the value of (0 + 0 - 16) + 85 + -115?
-46
Evaluate 1 - (-2 - -5) - -57 - (9191 + -9188).
52
-213 + 71 + (2 - -17) + (-3 + 2 - -15)
-109
What is 29 + 1 + 10 + 12 + -12 + -5?
35
5 - (-11 + 12 + 7 - (-92 - (21 - 11)))
-105
What is -57 + (68 - 67) - -31?
-25
What is the value of 1 + -55 - (-25 + (45 - 29))?
-45
What is 1 - (-51 - 4) - (-2 + -12 + 2)?
68
What is the value of (30 - 0) + 28 + -28 + -13 + (-1 - 5)?
11
3 + 62 + -39 + -71
-45
Calculate -3 + (-8 - (0 + -3 + 5 + -14)).
1
Evaluate 24 + -27 - (-24 - (11 - 20)).
12
33 + 20 + -18 + (8 - 0 - -12)
55
Calculate 22 + -1 - ((-241 - -58) + 189).
15
-15 - (-4 + (1 - -3) - 24)
9
What is the value of -3864 + 3777 - (0 + -30 + 0)?
-57
What is -8 - (-25 - -88 - -3) - -35?
-39
Evaluate -38 + 55 + (-59 - -16).
-26
What is -115 + 26 - (16 + 9 + -2 + -7)?
-105
What is the value of 17505 - 17538 - (-1 - -45)?
-77
What is (-23 - (-18 - -9)) + 161 + -68?
79
What is the value of -27 + 6 + (60 - 17) + -71?
-49
Evaluate 17 + -19 + 22 + -38 + -7 + -33.
-58
Evaluate 5 - (0 + -1 + -12 + (-7 + 0 - -15)).
10
What is -24 - (30 + -44 + 36)?
-46
Evaluate 32 + -6 - 21 - 25 - 15.
-35
(25 - (22 + -23)) + (22 - 9 - 8)
31
Calculate -36 + 19 - (9 + -25 + -1 + 12).
-12
Calculate -3 - -27 - (1 + -2 + -2 - (-10 - -19)).
36
Evaluate (-16 - -3) + (38 - 25 - -1) + 46.
47
-7 - (-13 + (-10 - (5 + -17)) + (4 - -1))
-1
What is -41 - 1 - (-90 + (156 - 68))?
-40
Evaluate (-11 - -22 - 10) + -47 + -13.
-59
Calculate 2 - -123 - -2 - (-14715 - -14739).
103
Evaluate (2 + 49 - (-20 + -5)) + -26.
50
What is 4 - (-15 - (-10 - 67))?
-58
What is 19 + (14 - (-82 - -9)) + (0 - 2)?
104
Evaluate (13 - (2 + 0 - (-1 - 6))) + -17.
-13
What is 2 + 3 + 3 + (36 - 23) - (14 + -14)?
21
What is the value of 36 + (-1 + (4 - 11 - -3) - (84 - 87))?
34
Evaluate -2 + -116 + 128 + -4 + -2 + 2.
6
Evaluate (2 - 4) + 23 + -23 + -15 + 5 + 27.
15
Calculate (7 - 2) + (16 - -16) + 8 + -5.
40
-26 - -3 - ((-12 - -5 - (4 - -9)) + 15)
-18
What is the value of 34 - (21 + -24 + 46) - -74?
65
What is 9 - (0 + -1) - (-232 + 251) - -81?
72
(66 - (-36 - -70)) + -27 + 12
17
What is (1 - 10 - (-4 - 4 - 9)) + 23 - -13?
44
Calculate -17 + (7 - -8 - 1) - (-42 + 6).
33
Calculate 87 + -4 + -193 + 203 + 0 + -14 + 12.
91
Evaluate (-160 - (-170 - -45)) + 73.
38
Calculate 91 - ((128 - 99) + -7).
69
-48 + 3 - ((0 + -10 - -2) + 9 - 3)
-43
-25 + (13 + 12 - 8) + -13 - (1 - 1)
-21
What is 10 - (11 - 11 - 42) - 14?
38
Calculate -1 - (-1 + -10 + 3 + (-46 - -81)).
-28
Calculate (-160 + -53 - -105) + 201.
93
What is the value of 794 + -743 - (-2 - -47)?
6
What is the value of 7 - (3 + -6) - ((-22 - -16) + 28 + 5)?
-17
(273 - 45) + -100 - 130
-2
What is -43 + 60 + 10 + (-7 - -19)?
39
What is 9 - (-8 - (21 + 20))?
58
-133 + (31 - (-57 - -22))
-67
Evaluate 125 + (-9 - 108 - -3).
11
130 + -161 + (0 - -12)
-19
25 + -3 + 50 + (64 - 20) + -21
95
Calculate -10 + -4 + (18 - -6) + -54.
-44
Evaluate (0 - (-1 - 8)) + (84411 - 84332).
88
(20 - (74 + -15)) + -8 + 24
-23
What is -2 - (44 + -31 - (-2 - -37))?
20
Evaluate 13 - -7 - (-14 - (-3 - 2)).
29
Evaluate 55 + 97 + -70 - -18.
100
What is -64 + 92 + 61 - -5?
94
760 - 763 - (-104 - (0 + 5) - 1)
107
Calculate (27 - (22 + 1)) + 30.
34
What is 47 + (-15 - (-7 - 24 - -197))?
-134
What is the value of 82 + 12 + 7 + -25 + 24?
100
Evaluate -10 - ((-36 - 17) + 37).
6
Evaluate 4789 + -4799 - (-1 + 33).
-42
Evaluate -4 + 2 - (11 + (-8 + 8 - -8)).
-21
Calculate -25 - ((-4 - 25) + -34).
38
What is the value of -7 - (6 - (12 - -4)) - 2 - -37?
38
Calculate (26 - ((15 - (-13 - -21)) + 5)) + (-79 - 14).
-79
(-144 - -54) + 46 + 4
-40
What is (44 - 57) + (-1 - -4) + 2 + -62?
-70
17 + -16 - (-9 - 2) - (-54 - 31)
97
What is the value of -10 - (-12 - (9 - -3 - 0))?
14
-86 + -115 + 24 - -113
-64
What is the value of (-7 - (0 + 1)) + (13 - 3) + (68 - 3)?
67
What is (71 - (5 - (17 - 11) - 9)) + -13 + 2?
70
What is 29 - (-1 + (18 + -11 + -8 - (4 + -4)))?
31
(-12 - 5 - -31 - -35) + 4
53
Calculate 14 + 4 + -7 - (-13 + -4 + (1 - -6)).
21
-40 + (-72 - -43) - -53
-16
What is the value of -9 - (-14 + (1 + -5 - (120 - 127)))?
2
What is the value of (12 - (43 + -47)) + -10 - (0 - -65)?
-59
Calculate 112 - (40 + 5 - 46).
113
What is -1 - -5 - (14 + 0) - (-42 - (-12 - -22))?
42
Calculate (12 - (-47 + 34 - -13)) + -91.
-79
(20 - (-38 - -79)) + 80
59
What is the value of (363 - 352 - (-2 - (-3 - 24))) + 16?
2
-6565 - -6574 - (1 - -42)
-34
What is the value of -3 + 22 + -7 - (54 - (0 + 11))?
-31
5 - (28 - (-51 - -16) - (-1 - -3 - 1))
-57
What is the value of (1 - 2) + -12 + 8 - (-156 + 148)?
3
What is 56 + -86 + -7 + -24?
-61
Evaluate (1 - -10) + (14 - (-9 + 27) - -34).
41
What is (-12 - 12) + 10 + (-125 - -150)?
11
Evaluate -4 + (0 - -7) + (9 + -8 + 7 - -2).
13
What is the value of 5 + (2 - -2) + (5 - 31)?
-17
-59 - (-1 + -2 + (30 - 12) - 21)
-53
Evaluate 8 - (82 + -66 + (-10 - -7)).
-5
Calculate -30 - (68 + -95 + -82).
79
-30 + 35 - ((-3 - -5) + (-19 - -117))
-95
What is the value of -11 - ((40 - 22) + -8)?
-21
What is the value of (4 + 0 + 0 - 10) + -2972 + 2977?
-1
(91 - 121 - -53) + 65
88
Calculate 28 + -29 + -24 + 29 - (8 - -2).
-6
Calculate -2 - ((4 - -2 - (-9 + 24)) + (22 - 1)).
-14
Calculate (-20 - (-8 + 27 + -40)) + (0 - 0 - 6).
-5
What is the value of (54 + 6 - 3) + (26 + (-7 - 5) - 18)?
53
What is (-32 - -144) + -10 - (-12 - (-15 + -8))?
91
What is the value of 0 + -2 + (-100 - -88) + 10 + -2 + -22?
-28
Calculate -2390 + 2430 - (151 + 5).
-116
Evaluate (12 - (-2 + (3 - 14) + 17)) + 18.
26
Calculate (41 - (-39 - -114)) + 32.
-2
Calculate 2752 + -2738 + 1 + -48 + -3.
-36
Calculate -11 + -12 + (3 - (-5 - (-3 - -1))).
-17
Calculate (-15 + 9 - (4 + -7)) + 21 + -25 + 135.
128
Evaluate -28 + 20 + 1 + -47 + 13.
-41
Calculate (-1 - 12 - (-103 + 71)) + 12 + 11.
42
What is the value of 2 + (4 - 1) - (-40 + (38 - -18)) - 56?
-67
What is -7 - (33 + -32 - (7 + 0 + 44))?
43
Evaluate 48 + -182 + 84 - 55.
-105
What is 33 - 0 - (9221 - 9120)?
-68
Evaluate 0 + -1 + 4 - (-369 + 231 + 126).
15
Calculate -4 - (-21 - (10 + (34 - 23))).
38
What is the value of -2 + 3 + -3 - (29 + -53 - -12 - -30)?
-20
What is 15 + (-66 - (-17 - 26))?
-8
What is the value of (-955 - -992) + 1 + 1 + -4 + 17 + -23?
29
(0 + -2 - 0 - -3) + (-156 - (150 + -286))
-19
Calculate 19 - ((17 - 24) + 46).
-20
Calculate 24 - 27 - ((1 - 9) + (-5 - (-3 + -5))).
2
0 + 31 + (4 - 1) + -8
26
(44 - (1 + -6) - -4) + -22
31
11 + (-11 - (-8 - -6)) - (19 + 4)
-21
Evaluate 5 + (1 + -40 - ((-2 - (15 - 11)) + -2)).
-26
What is 18 + 16 - (35 + -19 - -152)?
-134
Calculate (-3 - 4 - (5 + -5)) + (-2 - -18).
9
Calculate (1 + -12 - (234 + -245) - -36) + 6.
42
90 + (4 - 42) + -112
-60
Calculate 47 + -48 + 11 + 33 + -32.
11
Evaluate 13 - 63 - (308 - 349).
-9
-62 + (1 + 13 - (909 - 875))
-82
What is the value of -3 + (-4 - -3) + -4 - (-5012 - -5019)?
-15
What is 11 + -19 - (-8 + 3) - (-7 - (56 - 4))?
56
What is -1 + -4 + 4 + (-4 - 18)?
-23
What is the value of (-70 + 30 - -77) + (9 - 1)?
45
Calculate 18 + (129 - (51 + -25))